{"id":10081,"date":"2023-07-20T13:14:32","date_gmt":"2023-07-20T13:14:32","guid":{"rendered":"https:\/\/karmenn.com\/?page_id=10081"},"modified":"2023-09-14T08:48:09","modified_gmt":"2023-09-14T08:48:09","slug":"mobiliario-exterior-curve","status":"publish","type":"page","link":"https:\/\/wizardly-goodall.5-250-191-207.plesk.page\/de\/mobiliario-exterior-curve\/","title":{"rendered":"Mobiliario exterior Curve"},"content":{"rendered":"","protected":false},"excerpt":{"rendered":"","protected":false},"author":1,"featured_media":0,"parent":0,"menu_order":0,"comment_status":"closed","ping_status":"closed","template":"","meta":{"footnotes":"","_joinchat":[]},"yoast_head":"<!-- This site is optimized with the Yoast SEO plugin v22.5 - https:\/\/yoast.com\/wordpress\/plugins\/seo\/ -->\n<title>Mobiliario de exterior Curve - Karmenn<\/title>\n<meta name=\"description\" content=\"Da rienda suelta a tu imaginaci\u00f3n con la colecci\u00f3n de mobiliario exterior Curve de Karmenn. Muebles \u00fanicos para jard\u00edn y terraza.\" \/>\n<meta name=\"robots\" content=\"index, follow, max-snippet:-1, max-image-preview:large, max-video-preview:-1\" \/>\n<link rel=\"canonical\" href=\"https:\/\/wizardly-goodall.5-250-191-207.plesk.page\/de\/mobiliario-exterior-curve\/\" \/>\n<meta property=\"og:locale\" content=\"de_DE\" \/>\n<meta property=\"og:type\" content=\"article\" \/>\n<meta property=\"og:title\" content=\"Mobiliario de exterior Curve - Karmenn\" \/>\n<meta property=\"og:description\" content=\"Da rienda suelta a tu imaginaci\u00f3n con la colecci\u00f3n de mobiliario exterior Curve de Karmenn. Muebles \u00fanicos para jard\u00edn y terraza.\" \/>\n<meta property=\"og:url\" content=\"https:\/\/wizardly-goodall.5-250-191-207.plesk.page\/de\/mobiliario-exterior-curve\/\" \/>\n<meta property=\"og:site_name\" content=\"Karmenn.com\" \/>\n<meta property=\"article:modified_time\" content=\"2023-09-14T08:48:09+00:00\" \/>\n<meta name=\"twitter:card\" content=\"summary_large_image\" \/>\n<script type=\"application\/ld+json\" class=\"yoast-schema-graph\">{\"@context\":\"https:\/\/schema.org\",\"@graph\":[{\"@type\":\"WebPage\",\"@id\":\"https:\/\/wizardly-goodall.5-250-191-207.plesk.page\/mobiliario-exterior-curve\/\",\"url\":\"https:\/\/wizardly-goodall.5-250-191-207.plesk.page\/mobiliario-exterior-curve\/\",\"name\":\"Mobiliario de exterior Curve - Karmenn\",\"isPartOf\":{\"@id\":\"https:\/\/wizardly-goodall.5-250-191-207.plesk.page\/#website\"},\"datePublished\":\"2023-07-20T13:14:32+00:00\",\"dateModified\":\"2023-09-14T08:48:09+00:00\",\"description\":\"Da rienda suelta a tu imaginaci\u00f3n con la colecci\u00f3n de mobiliario exterior Curve de Karmenn. Muebles \u00fanicos para jard\u00edn y terraza.\",\"breadcrumb\":{\"@id\":\"https:\/\/wizardly-goodall.5-250-191-207.plesk.page\/mobiliario-exterior-curve\/#breadcrumb\"},\"inLanguage\":\"de-DE\",\"potentialAction\":[{\"@type\":\"ReadAction\",\"target\":[\"https:\/\/wizardly-goodall.5-250-191-207.plesk.page\/mobiliario-exterior-curve\/\"]}]},{\"@type\":\"BreadcrumbList\",\"@id\":\"https:\/\/wizardly-goodall.5-250-191-207.plesk.page\/mobiliario-exterior-curve\/#breadcrumb\",\"itemListElement\":[{\"@type\":\"ListItem\",\"position\":1,\"name\":\"Portada\",\"item\":\"https:\/\/wizardly-goodall.5-250-191-207.plesk.page\/\"},{\"@type\":\"ListItem\",\"position\":2,\"name\":\"Mobiliario exterior Curve\"}]},{\"@type\":\"WebSite\",\"@id\":\"https:\/\/wizardly-goodall.5-250-191-207.plesk.page\/#website\",\"url\":\"https:\/\/wizardly-goodall.5-250-191-207.plesk.page\/\",\"name\":\"Karmenn.com\",\"description\":\"El fabricante de mobiliario y cocinas de exterior en HDPE que te hace la vida m\u00e1s f\u00e1cil\",\"publisher\":{\"@id\":\"https:\/\/wizardly-goodall.5-250-191-207.plesk.page\/#organization\"},\"potentialAction\":[{\"@type\":\"SearchAction\",\"target\":{\"@type\":\"EntryPoint\",\"urlTemplate\":\"https:\/\/wizardly-goodall.5-250-191-207.plesk.page\/?s={search_term_string}\"},\"query-input\":\"required name=search_term_string\"}],\"inLanguage\":\"de-DE\"},{\"@type\":\"Organization\",\"@id\":\"https:\/\/wizardly-goodall.5-250-191-207.plesk.page\/#organization\",\"name\":\"Karmenn.com\",\"url\":\"https:\/\/wizardly-goodall.5-250-191-207.plesk.page\/\",\"logo\":{\"@type\":\"ImageObject\",\"inLanguage\":\"de-DE\",\"@id\":\"https:\/\/wizardly-goodall.5-250-191-207.plesk.page\/#\/schema\/logo\/image\/\",\"url\":\"https:\/\/wizardly-goodall.5-250-191-207.plesk.page\/wp-content\/uploads\/2023\/07\/logo_karmenn_negro0.5x.png\",\"contentUrl\":\"https:\/\/wizardly-goodall.5-250-191-207.plesk.page\/wp-content\/uploads\/2023\/07\/logo_karmenn_negro0.5x.png\",\"width\":145,\"height\":83,\"caption\":\"Karmenn.com\"},\"image\":{\"@id\":\"https:\/\/wizardly-goodall.5-250-191-207.plesk.page\/#\/schema\/logo\/image\/\"}}]}<\/script>\n<!-- \/ Yoast SEO plugin. -->","yoast_head_json":{"title":"Mobiliario de exterior Curve - Karmenn","description":"Da rienda suelta a tu imaginaci\u00f3n con la colecci\u00f3n de mobiliario exterior Curve de Karmenn. Muebles \u00fanicos para jard\u00edn y terraza.","robots":{"index":"index","follow":"follow","max-snippet":"max-snippet:-1","max-image-preview":"max-image-preview:large","max-video-preview":"max-video-preview:-1"},"canonical":"https:\/\/wizardly-goodall.5-250-191-207.plesk.page\/de\/mobiliario-exterior-curve\/","og_locale":"de_DE","og_type":"article","og_title":"Mobiliario de exterior Curve - Karmenn","og_description":"Da rienda suelta a tu imaginaci\u00f3n con la colecci\u00f3n de mobiliario exterior Curve de Karmenn. Muebles \u00fanicos para jard\u00edn y terraza.","og_url":"https:\/\/wizardly-goodall.5-250-191-207.plesk.page\/de\/mobiliario-exterior-curve\/","og_site_name":"Karmenn.com","article_modified_time":"2023-09-14T08:48:09+00:00","twitter_card":"summary_large_image","schema":{"@context":"https:\/\/schema.org","@graph":[{"@type":"WebPage","@id":"https:\/\/wizardly-goodall.5-250-191-207.plesk.page\/mobiliario-exterior-curve\/","url":"https:\/\/wizardly-goodall.5-250-191-207.plesk.page\/mobiliario-exterior-curve\/","name":"Mobiliario de exterior Curve - Karmenn","isPartOf":{"@id":"https:\/\/wizardly-goodall.5-250-191-207.plesk.page\/#website"},"datePublished":"2023-07-20T13:14:32+00:00","dateModified":"2023-09-14T08:48:09+00:00","description":"Da rienda suelta a tu imaginaci\u00f3n con la colecci\u00f3n de mobiliario exterior Curve de Karmenn. Muebles \u00fanicos para jard\u00edn y terraza.","breadcrumb":{"@id":"https:\/\/wizardly-goodall.5-250-191-207.plesk.page\/mobiliario-exterior-curve\/#breadcrumb"},"inLanguage":"de-DE","potentialAction":[{"@type":"ReadAction","target":["https:\/\/wizardly-goodall.5-250-191-207.plesk.page\/mobiliario-exterior-curve\/"]}]},{"@type":"BreadcrumbList","@id":"https:\/\/wizardly-goodall.5-250-191-207.plesk.page\/mobiliario-exterior-curve\/#breadcrumb","itemListElement":[{"@type":"ListItem","position":1,"name":"Portada","item":"https:\/\/wizardly-goodall.5-250-191-207.plesk.page\/"},{"@type":"ListItem","position":2,"name":"Mobiliario exterior Curve"}]},{"@type":"WebSite","@id":"https:\/\/wizardly-goodall.5-250-191-207.plesk.page\/#website","url":"https:\/\/wizardly-goodall.5-250-191-207.plesk.page\/","name":"Karmenn.com","description":"El fabricante de mobiliario y cocinas de exterior en HDPE que te hace la vida m\u00e1s f\u00e1cil","publisher":{"@id":"https:\/\/wizardly-goodall.5-250-191-207.plesk.page\/#organization"},"potentialAction":[{"@type":"SearchAction","target":{"@type":"EntryPoint","urlTemplate":"https:\/\/wizardly-goodall.5-250-191-207.plesk.page\/?s={search_term_string}"},"query-input":"required name=search_term_string"}],"inLanguage":"de-DE"},{"@type":"Organization","@id":"https:\/\/wizardly-goodall.5-250-191-207.plesk.page\/#organization","name":"Karmenn.com","url":"https:\/\/wizardly-goodall.5-250-191-207.plesk.page\/","logo":{"@type":"ImageObject","inLanguage":"de-DE","@id":"https:\/\/wizardly-goodall.5-250-191-207.plesk.page\/#\/schema\/logo\/image\/","url":"https:\/\/wizardly-goodall.5-250-191-207.plesk.page\/wp-content\/uploads\/2023\/07\/logo_karmenn_negro0.5x.png","contentUrl":"https:\/\/wizardly-goodall.5-250-191-207.plesk.page\/wp-content\/uploads\/2023\/07\/logo_karmenn_negro0.5x.png","width":145,"height":83,"caption":"Karmenn.com"},"image":{"@id":"https:\/\/wizardly-goodall.5-250-191-207.plesk.page\/#\/schema\/logo\/image\/"}}]}},"jetpack_sharing_enabled":true,"_links":{"self":[{"href":"https:\/\/wizardly-goodall.5-250-191-207.plesk.page\/de\/wp-json\/wp\/v2\/pages\/10081"}],"collection":[{"href":"https:\/\/wizardly-goodall.5-250-191-207.plesk.page\/de\/wp-json\/wp\/v2\/pages"}],"about":[{"href":"https:\/\/wizardly-goodall.5-250-191-207.plesk.page\/de\/wp-json\/wp\/v2\/types\/page"}],"author":[{"embeddable":true,"href":"https:\/\/wizardly-goodall.5-250-191-207.plesk.page\/de\/wp-json\/wp\/v2\/users\/1"}],"replies":[{"embeddable":true,"href":"https:\/\/wizardly-goodall.5-250-191-207.plesk.page\/de\/wp-json\/wp\/v2\/comments?post=10081"}],"version-history":[{"count":1,"href":"https:\/\/wizardly-goodall.5-250-191-207.plesk.page\/de\/wp-json\/wp\/v2\/pages\/10081\/revisions"}],"predecessor-version":[{"id":10082,"href":"https:\/\/wizardly-goodall.5-250-191-207.plesk.page\/de\/wp-json\/wp\/v2\/pages\/10081\/revisions\/10082"}],"wp:attachment":[{"href":"https:\/\/wizardly-goodall.5-250-191-207.plesk.page\/de\/wp-json\/wp\/v2\/media?parent=10081"}],"curies":[{"name":"wp","href":"https:\/\/api.w.org\/{rel}","templated":true}]}}

<!-- This site is optimized with the Yoast SEO plugin v22.5 - https://yoast.com/wordpress/plugins/seo/ -->
<title>Mobiliario de exterior Curve - Karmenn</title>
<meta name="description" content="Da rienda suelta a tu imaginación con la colección de mobiliario exterior Curve de Karmenn. Muebles únicos para jardín y terraza." />
<meta name="robots" content="index, follow, max-snippet:-1, max-image-preview:large, max-video-preview:-1" />
<link rel="canonical" href="https://wizardly-goodall.5-250-191-207.plesk.page/de/mobiliario-exterior-curve/" />
<meta property="og:locale" content="de_DE" />
<meta property="og:type" content="article" />
<meta property="og:title" content="Mobiliario de exterior Curve - Karmenn" />
<meta property="og:description" content="Da rienda suelta a tu imaginación con la colección de mobiliario exterior Curve de Karmenn. Muebles únicos para jardín y terraza." />
<meta property="og:url" content="https://wizardly-goodall.5-250-191-207.plesk.page/de/mobiliario-exterior-curve/" />
<meta property="og:site_name" content="Karmenn.com" />
<meta property="article:modified_time" content="2023-09-14T08:48:09+00:00" />
<meta name="twitter:card" content="summary_large_image" />
<script type="application/ld+json" class="yoast-schema-graph">{"@context":"https://schema.org","@graph":[{"@type":"WebPage","@id":"https://wizardly-goodall.5-250-191-207.plesk.page/mobiliario-exterior-curve/","url":"https://wizardly-goodall.5-250-191-207.plesk.page/mobiliario-exterior-curve/","name":"Mobiliario de exterior Curve - Karmenn","isPartOf":{"@id":"https://wizardly-goodall.5-250-191-207.plesk.page/#website"},"datePublished":"2023-07-20T13:14:32+00:00","dateModified":"2023-09-14T08:48:09+00:00","description":"Da rienda suelta a tu imaginación con la colección de mobiliario exterior Curve de Karmenn. Muebles únicos para jardín y terraza.","breadcrumb":{"@id":"https://wizardly-goodall.5-250-191-207.plesk.page/mobiliario-exterior-curve/#breadcrumb"},"inLanguage":"de-DE","potentialAction":[{"@type":"ReadAction","target":["https://wizardly-goodall.5-250-191-207.plesk.page/mobiliario-exterior-curve/"]}]},{"@type":"BreadcrumbList","@id":"https://wizardly-goodall.5-250-191-207.plesk.page/mobiliario-exterior-curve/#breadcrumb","itemListElement":[{"@type":"ListItem","position":1,"name":"Portada","item":"https://wizardly-goodall.5-250-191-207.plesk.page/"},{"@type":"ListItem","position":2,"name":"Mobiliario exterior Curve"}]},{"@type":"WebSite","@id":"https://wizardly-goodall.5-250-191-207.plesk.page/#website","url":"https://wizardly-goodall.5-250-191-207.plesk.page/","name":"Karmenn.com","description":"El fabricante de mobiliario y cocinas de exterior en HDPE que te hace la vida más fácil","publisher":{"@id":"https://wizardly-goodall.5-250-191-207.plesk.page/#organization"},"potentialAction":[{"@type":"SearchAction","target":{"@type":"EntryPoint","urlTemplate":"https://wizardly-goodall.5-250-191-207.plesk.page/?s={search_term_string}"},"query-input":"required name=search_term_string"}],"inLanguage":"de-DE"},{"@type":"Organization","@id":"https://wizardly-goodall.5-250-191-207.plesk.page/#organization","name":"Karmenn.com","url":"https://wizardly-goodall.5-250-191-207.plesk.page/","logo":{"@type":"ImageObject","inLanguage":"de-DE","@id":"https://wizardly-goodall.5-250-191-207.plesk.page/#/schema/logo/image/","url":"https://wizardly-goodall.5-250-191-207.plesk.page/wp-content/uploads/2023/07/logo_karmenn_negro0.5x.png","contentUrl":"https://wizardly-goodall.5-250-191-207.plesk.page/wp-content/uploads/2023/07/logo_karmenn_negro0.5x.png","width":145,"height":83,"caption":"Karmenn.com"},"image":{"@id":"https://wizardly-goodall.5-250-191-207.plesk.page/#/schema/logo/image/"}}]}</script>
<!-- / Yoast SEO plugin. -->

Da rienda suelta a tu imaginación con la colección de mobiliario exterior Curve de Karmenn. Muebles únicos para jardín y terraza.

El fabricante de mobiliario y cocinas de exterior en HDPE que te hace la vida más fácil
